 - 1 - 7 + 7*m + 4. What is the units digit of i(4)?
5
Let z be (-215)/(-6) - (-6)/36. What is the tens digit of 1032/z - 4/(-3)?
3
Suppose 456 = -11*t + 7826. What is the units digit of t?
0
Let r = 241 + -62. Suppose -4*t + 4*m + r = -81, 73 = t - 3*m. What is the tens digit of t?
6
Let l = 269 - 73. What is the hundreds digit of l?
1
Suppose -3*i = 2*i - 5. Let y be 3*-1 + 8 + -4. Suppose -i - y = -2*k. What is the units digit of k?
1
Let b(l) be the third derivative of -l**4/12 - l**3/6 - l**2. Suppose 0 = 5*z - 5*d - 10, -z = -2*z + 2*d + 5. What is the units digit of b(z)?
1
Suppose 5*u = p - 2635, 5111 + 183 = 2*p - 4*u. What is the hundreds digit of p?
6
Let c be (107 - -1)/4*(0 + -1). Let b(y) = y**3 - 3*y**2 - y - 1. Let t be b(-2). Let n = t - c. What is the units digit of n?
8
Suppose 2*n + 3*n - 80 = 0. Suppose p = 31 + n. What is the units digit of p?
7
Suppose 3711 = 18*c + 147. What is the units digit of c?
8
Let b(z) = 10*z + 40. Let n be b(-4). Suppose 5 + 7 = 2*c. Suppose -r + 33 + c = n. What is the tens digit of r?
3
Let r(t) be the second derivative of t**4/12 + t**3 + 9*t**2/2 - t. Suppose 2*l - 1 = -13. What is the units digit of r(l)?
9
Let g(n) = -102*n + 11. What is the thousands digit of g(-11)?
1
What is the hundreds digit of -3*((-57)/9 + 5) + 305?
3
Let m(p) = 78*p**2 - 25*p - 2. What is the thousands digit of m(-5)?
2
Let g be -4*2/(-8)*(0 - -3). Suppose 3*l = l + 4*r + 52, g*l = -4*r + 88. What is the units digit of l?
8
Let d be 2 - (-5)/(-2) - (-322)/4. Let k = d + -21. What is the units digit of k?
9
Suppose -2432 = -21*a + 17*a. What is the hundreds digit of a?
6
Suppose 179*j - 68380 = 166*j. What is the thousands digit of j?
5
Let t = 23 - 22. Suppose -4*x - 7 = 2*n + t, -3*n = 3*x. Suppose -n*l - 2*v + 136 = 0, 5*l - 206 = -v - 33. What is the units digit of l?
5
Let g = -16 + 20. Suppose -3*y = g*i + y - 164, -2*y = 0. What is the tens digit of i?
4
Let h = -436 - -1132. What is the tens digit of h?
9
Suppose 22 = -4*h + 62. What is the tens digit of (-4)/(2 + (-21)/h)?
4
Suppose 5*n = -3*k + 2646, -k - 15 = 4*k. Let f = n + -335. What is the hundreds digit of f?
1
Suppose -2*d + 4 = -6. Suppose 3*p - 7*p - d*l + 193 = 0, 3*l - 15 = 0. What is the tens digit of p?
4
Let c(t) = -18*t**3 + 2*t**2 - 2*t + 1. Let g be c(1). Let r = g + 76. Let o = r - 14. What is the tens digit of o?
4
Let j = 10 + -6. Suppose -j*q - 1 = -5*a, -13 - 15 = 4*q + 4*a. What is the units digit of 1/q + 945/20?
7
Let l(j) = -141*j**3 + 1. Let w be l(-1). Let q = -21 + w. What is the units digit of q?
1
Let n(j) = -4*j - 7. Let v be n(-5). Let z(k) = k**2 - 24*k - 10. Let s be z(26). Let m = s - v. What is the units digit of m?
9
Let o(i) = i**3 - 7*i**2 + 5*i + 8. Let v be o(6). Let y be 3 - 0 - 0/v. Suppose -16 = -4*l - 0, y*l = 3*s - 39. What is the units digit of s?
7
What is the tens digit of (164/(-6))/((-90)/2565)?
7
Let d be 318/16 + 8/64. Suppose 0*c = -5*n - c + 19, -4*n - 2*c = -d. Let r = 57 - n. What is the tens digit of r?
5
Let f(t) = t + 9. Let i be f(-7). Suppose -4*o = 2*h - 10, -2*h - i*o + 5 = 3*o. What is the tens digit of h?
1
Suppose 168 = 6*d - 3438. What is the hundreds digit of d?
6
Let q(n) = -n**2 - 8*n - 9. Let k be q(-6). Suppose 4*u + 22 = -3*g, 2*g + k*u + 13 = -3. What is the units digit of 31 - 5/((-5)/g)?
9
Let k(q) = -53*q. Let l be (-2)/18 - (-40)/(-45). What is the units digit of k(l)?
3
Let k = 2 + 1. Suppose 3*r - 39 = -k*z, 0 = 4*r - z - 36 - 11. What is the units digit of ((-4)/r)/(1/(-51))?
7
Suppose -2*m = 2*m, 5*q + 2*m - 15 = 0. Suppose q*x - x = -y + 45, -3*x = -12. What is the units digit of y?
7
Let n(t) = -9*t**2 + 2*t - 3. Let c be 1 - (3/3 + -2). Let o be n(c). Let k = o + 51. What is the tens digit of k?
1
Let k(s) = -s**3 + 7*s**2 - 18*s - 2. Let a be k(8). Let i = 2 - a. What is the units digit of i?
2
Let p = -105 + 110. Suppose -p*g + 5*f = -1050, 5*g - 678 = f + 352. What is the tens digit of g?
0
Let r(x) be the second derivative of x**4/6 + 3*x**3/2 - 11*x**2/2 + 10*x. What is the hundreds digit of r(6)?
1
Let g = -1811 - -3093. What is the tens digit of g?
8
Let m be (-13)/(-3) - (-4)/(-12). Suppose 0 = m*o + 20, 17 = 4*a + 4*o - 3. What is the tens digit of a?
1
Suppose 49*s - 53*s = -12604. What is the units digit of s?
1
Let y(z) = -2*z**3 - 3*z**2 - 3*z + 3. Suppose 36 = h + 40. What is the tens digit of y(h)?
9
Suppose 2*r = -27 - 23. Suppose 5*m - 5*y = 180, -3*y = 4*m - 5*y - 146. Let b = r + m. What is the units digit of b?
2
Let g be ((-92)/(-6))/((-1)/3) + -3. Let q = 142 + g. What is the tens digit of q?
9
Suppose -19 - 11 = -5*x. Let f(r) = 2 + 7*r - x*r + 13 - 3. What is the tens digit of f(10)?
2
Let y(p) = p + 5. Let b be y(-5). Suppose -2*n - 2*n + 4 = b. What is the units digit of (7/(-4))/(n/(-20))?
5
Suppose -3*i + 33 = -5*z, -2*i + 3*z = -6 - 15. Suppose 4*p + 2 = i*p. Suppose p - 80 = -q. What is the units digit of q?
9
What is the tens digit of (79 + -6)*110/5?
0
Suppose -4*h + 500 = 3*c, -12*c + 614 = 5*h - 11*c. What is the tens digit of h?
2
Let o(x) = 4*x**2 - 4*x - 1. Let i(m) be the first derivative of m**4/4 - m**3/3 - m**2/2 + 3*m - 3. Let d be i(0). What is the units digit of o(d)?
3
Suppose -2*v - 4*q = -10, 0*v = 2*v - 4*q - 2. Suppose -5*m + 151 = -3*a + 5*a, -v*m + 85 = 4*a. Let x = m + -22. What is the units digit of x?
9
Suppose -1 = c, 4*w - 1081 = 3*c - 2*c. Suppose 0 = -7*n + 12*n - w. What is the tens digit of n?
5
Suppose -33*i = -67577 + 16031. What is the thousands digit of i?
1
Let x(n) = 28*n**2 - 3*n - 3. Let k be ((-3)/(-3) + -2)*1. What is the units digit of x(k)?
8
Let c = -506 + 187. What is the units digit of (-12)/15 + c/(-5)?
3
Let r be (-6)/(-21) + 458/14. Let b = r + -29. Let d(q) = 2*q**2 + 7*q - 11. What is the units digit of d(b)?
9
Let j = -422 + 685. What is the tens digit of j?
6
Let d = -33 + 49. Suppose -20 = -d*t + 12*t. Suppose 4*x = -t*h + 2 + 191, -h + 5 = 0. What is the tens digit of x?
4
Let x(m) = m**2 + m. Let v be x(1). Let d be v - ((2 - 2) + 4). What is the tens digit of (-2 - -6)/(d/(-24))?
4
Let m(u) = 5*u + 2. Let g be m(14). Suppose -p + 42 + g = 0. What is the tens digit of p?
1
Suppose 0*w - 10*w = 3350. What is the tens digit of 2/8 + (-3 - w/4)?
8
Let l(h) = 5*h - 26. Let z be l(6). Suppose z*o = -5*g + 436, 0 = -2*o + 9 - 1. What is the tens digit of g?
8
Suppose -18*v = -5*v - 2366. Suppose -5*y + 1157 = v. What is the tens digit of y?
9
Let j(f) = 5*f + 10. Let c be 116/10 + 12/(-20). Let r be j(c). Suppose 4*k = -m + r, -2*m + 1 = -1. What is the tens digit of k?
1
Let v be -4 + (-4 - 0) + 40. Let r = v - 51. What is the units digit of r/(-2) + 6/(-12)?
9
Suppose -f - 4*h = -629, -4*f - h + 1672 = -799. What is the hundreds digit of f?
6
Suppose 4*o + 16*u - 2738 = 18*u, -2058 = -3*o + 3*u. What is the tens digit of o?
8
Let p = 719 - 509. Let k = -94 + p. What is the hundreds digit of k?
1
Let b(l) = 9*l**2 - 16*l + 114. What is the hundreds digit of b(8)?
5
Let u be 64/14 - 36/63. Suppose 0 = u*v - 3*v - 38. What is the tens digit of v?
3
Let u(m) = -m**2 + 10*m + 11. Let g be u(8). Let d be (5/(-2))/(14/8 - 3). Suppose l - d*l + g = 0. What is the tens digit of l?
2
Suppose -21*j + 343 = -20*j. What is the units digit of j?
3
Let g(n) = 17*n**2 - 7*n + 92. What is the thousands digit of g(8)?
1
Suppose -3*a + 1408 = m, 4*a - 1532 = 5*m + 339. What is the tens digit of a/4 - (-2)/(-8)?
1
What is the tens digit of ((-100)/12)/((-1)/3)?
2
Let n = -13 + 15. Suppose -y - n*y = -60. Let j = y - 2. What is the tens digit of j?
1
Suppose 5 + 10 = 5*o. Suppose -p - 5*s = -3*p + 48, -o*s + 30 = 3*p. What is the tens digit of p + (-3 + 1 - -1)?
1
Suppose 43792 + 30478 = 35*j. What is the units digit of j?
2
Suppose 0 = -5*t + 15*c - 17*c + 3542, -3*t + c + 2123 = 0. What is the hundreds digit of t?
7
Let z = 1 - 1. Let a(h) = -h**2 + z*h - 9 - 9*h - 3*h + 2*h. What is the tens digit of a(-7)?
1
Let x(r) = -24*r**3 - 2*r**2 - 8*r - 12. What is the tens digit of x(-3)?
4
Let i(k) = 5*k - 17. Let v be 1/(((-2)/(-4))/(27/6)). What is the units digit of i(v)?
8
Suppose 161*i = 163*i - 2114. What is the units digit of i?
7
Suppose 15*a - 5490 = -0*a. What is the hundreds digit of a?
3
Let u = 2